t x be (-3)/(6/(-4) + u). Let k(m) = -3*m**3 - 6*m - 2*m**3 + 4*m**3 + 7*m**2. Calculate k(x).
0
Suppose 2 = 3*l - 4. Let f be 1/((-2)/4*2). Let o = l + f. Let a(c) = 6*c - 1. Determine a(o).
5
Let l(r) = -4*r**2 + 4*r + 5. Let p(y) = 5*y**2 - 5*y - 6. Let u(n) = -7*l(n) - 6*p(n). What is u(2)?
-3
Let g(m) = m - 1. Let o be 2/1 - (2 + -2). Let b = o + 0. Suppose b*y - 5*y + 6 = -4*n, 4*y - 4 = 4*n. Calculate g(n).
-4
Let i be (-1)/((2/14)/(9/21)). Let t(d) = 1. Let j(a) = a**2 + 6*a + 5. Let o(c) = j(c) - 2*t(c). Give o(i).
-6
Let p(t) = t**2 - t - 4. Let s(o) = o**3 - 8*o**2 + 6*o + 7. Let c be s(7). Let v be p(c). Let w(b) = -b - 3. Determine w(v).
1
Let o(f) = 3 - 5*f**2 - 4 - 2*f - 7*f**3 + 8*f**3. Determine o(4).
-25
Let p be (-6)/(-39) - 77/(-429). Let b(w) be the first derivative of -5/2*w**2 + 3*w + p*w**3 - 2. Determine b(5).
3
Let o = 24 - 19. Suppose 4*w + 0 = 2*j - 2, -11 = -2*w - 3*j. Let u(n) = w - 4*n**2 + 2*n**3 - n**2 - n**3. Give u(o).
1
Suppose 4*k = -3*a + 5 + 4, -4*k + 3 = a. Suppose 4 = c - 3*x - 2, 0 = 2*c + a*x + 6. Let z(l) = l + 3. Determine z(c).
3
Let h(o) = 3*o**2 - 1 - 2*o - 7*o**2 + 3 - 1. Calculate h(1).
-5
Let b be (12/(-10))/(2/10). Let j(f) = -f**2 - 7*f - 3. Let l be j(b). Let o(q) = q**3 - 3*q**2 + q - 2. What is o(l)?
1
Suppose 3*c - 2*l = -5, 4*l - 3 = -5*c - 4. Let z(y) = y**3 - y**2 - y - 1. Let f(x) = 12*x**3 - 2*x**2 - 3*x - 4. Let w(m) = -f(m) + 3*z(m). Calculate w(c).
9
Let h(j) = 23 + 10 + 2*j - 34. Suppose 0 = -5*m + 2 - 27. Determine h(m).
-11
Suppose 3*h + 19 = 4. Let r = -1 - h. Let c(d) = 5*d**2 - 2*d**3 - 2 + d**3 - 3*d + 3. Calculate c(r).
5
Suppose -2*v - 17 = -5*a, 6*a = v + 3*a + 11. Let s(f) = f**2 + f - 4. Determine s(v).
16
Let g(f) = -f**3 + 6*f**2 - 3*f - 5. Let m be g(5). Let o(r) be the first derivative of 6*r + 1/2*r**2 + 5/3*r**3 - 5 - 1/4*r**4. Calculate o(m).
11
Suppose -i + 2 = 4*w - 0, -3*i = -4*w + 10. Suppose 40 = 5*l - 4*g, 2*l + 0*g = 2*g + 18. Let a(f) = 11*f**2 - 1 - 11*f**2 + 2*f + l*f**3. Calculate a(w).
5
Let a(n) = -17*n + 10. Let s(i) = -3*i + 2. Let k(y) = -2*a(y) + 11*s(y). Let m(g) = -2*g + 4. Let b be m(3). What is k(b)?
0
Suppose 7 = 3*i - 5. Let v(o) be the third derivative of -2*o**2 + 5/24*o**i + 0*o + 0 - 1/6*o**3. Calculate v(1).
4
Let z(v) = v**3 + v**2 - v - 7. Suppose -u + 28 = 35. Let o(g) = 5*g - 3*g - 7 - 3*g. Let t be o(u). What is z(t)?
-7
Let w be (-12)/(-14)*56/12. Let g(r) = r + 4. Let o(z) = 2*z + 9. Let l(t) = 13*g(t) - 6*o(t). What is l(w)?
2
Let n be (12/(-5))/(-4)*5. Suppose -l + 2*g = -2*g - 7, -2*l + n*g + 9 = 0. Let a(x) = x - 1. Let c(w) = -1. Let v(t) = -2*a(t) + c(t). Determine v(l).
-5
Let o(k) = -4*k + 1. Let g(l) = -l + 2. Suppose 2*f + 2*f = -4*c, -2*f + 2*c = 0. Let j be g(f). Let p be ((-3)/(-6) + -1)*j. Give o(p).
5
Let f = -20 - -22. Let r(b) = -6 - f*b - 2*b**2 + 12*b - 2*b. Calculate r(5).
-16
Let k(o) = -5*o**2 + 5*o - 1. Let i(t) = t**2 - 1. Let s(a) = -4*i(a) - k(a). Suppose 0 = -3*y - 2*z - z + 6, -5*z = 3*y - 2. Determine s(y).
1
Suppose 3*d = 2*v - 1, 4*v + 2*d = 3*d + 17. Suppose -v*n + 5*h + 15 = 0, 18 = -4*n - 4*h + 2*h. Let z(o) = 3*o. Give z(n).
-6
Let t(h) = -7*h + 1. Suppose 1 = 3*r - 2*l, -3*r + 3*l + 2 = -1. What is t(r)?
8
Let u = -35 - -42. Let f(l) = l**3 - 6*l**2 - 7*l. Determine f(u).
0
Let z(n) be the third derivative of -n**4/12 - 2*n**2. Calculate z(-4).
8
Suppose 4*q = 4*o + 20, -4*q + 2 = 2*o - 0*o. Suppose -5 + 1 = q*v. Let s(a) = 2*a. Give s(v).
-4
Let t(u) = u**3 + 4*u**2 - 4*u - 3. Let a = 90 + -95. Calculate t(a).
-8
Let y(z) be the second derivative of -z**3/6 - z**2/2 + 19*z. Determine y(7).
-8
Let p(j) = -j**2 - 5*j + 2. Let s be p(-4). Suppose -2*n = -s*n. Let b(x) = x**3 + n*x + 0*x**3 - 4*x + 2 + 3*x**2. Determine b(-4).
2
Let m(z) = -8*z + z**2 - 2 + 6 + 3*z. Determine m(5).
4
Suppose -2*r + 4*y = 2*r - 16, y = -3*r + 12. Suppose -r*n + 0*n - 12 = 0. Let w(d) = d**2 + 4*d + 1. Determine w(n).
-2
Let g(i) = -i**2 - 1. Let t(c) = 3*c**2 - 7*c + 5. Let h(j) = -4*g(j) - t(j). Give h(-6).
-7
Let h(a) = a**2 + 3*a - 3. Suppose l = -3*l + 8. Suppose 5*v + 4*k + 20 = 0, -v - k - 4 = -l*k. Calculate h(v).
1
Suppose -3*c - 15 = -3. Let z(l) = -l**2 - 4*l - 6. Give z(c).
-6
Let v(x) be the second derivative of -x**4/12 - 5*x**3/6 + 2*x**2 + 4*x. Calculate v(-6).
-2
Suppose 2*y - 30 = 5*r - 0*y, 2*y = -5*r - 30. Let i be 9/r*2*1. Let a be (4/i)/(1/3). Let l(q) = -q**3 - 5*q**2 - 4*q + 2. Calculate l(a).
2
Let i(m) = -m**2 + 11*m - 4. Suppose -8*p + 108 = 28. What is i(p)?
6
Let j = -7 - -2. Let s(l) = l**3 + 4*l**2 - 4*l - 1. Determine s(j).
-6
Suppose n - 30 = -4*n. Suppose 4*g - z = -n - 4, -5 = 5*g - 5*z. Let c(t) = -t**3 - 4*t**2 - 5*t - 2. Give c(g).
4
Let h(a) = 4*a**2 + a. Let m be h(-1). Suppose m*l + 10 = 5*l. Let n = l + -10. Let s(u) = -2*u - 6. Give s(n).
4
Let v(y) = -2*y**2 - 6*y - 5. Let s = -12 - -8. Determine v(s).
-13
Let k = -26729/24 + 1114. Let d(j) be the third derivative of -7/6*j**3 - j**2 + k*j**4 + 0 + 1/120*j**6 + 0*j - 1/10*j**5. Determine d(5).
3
Let s(f) be the third derivative of -f**4/12 - 4*f**3/3 + 59*f**2. Suppose -3*p + 0*p - 21 = 0. Let b = p + 1. Give s(b).
4
Suppose 0 = 4*j - j. Let p be -6*(2/(-6) + j). Let h(z) be the second derivative of z**4/12 + z**3/6 - z**2/2 + z. What is h(p)?
5
Let n(a) = 4*a**2 + 2*a - 2. Let x(l) = -5*l**2 - 3*l + 2. Let m(o) = -6*n(o) - 5*x(o). Suppose -37 + 27 = 5*j. Determine m(j).
0
Let h(u) be the first derivative of -u**2/2 - 5*u - 24. Give h(-5).
0
Let n(v) = v**2 - 4*v**2 + 1 - 6*v**2 + v. Suppose -t = -2*g - 5, t - 7 = -4*t + 4*g. What is n(t)?
-9
Let v(j) = j**3 - 9*j**2 + j - 9. Let h be v(9). Let m(r) = -r + 15. Give m(h).
15
Let g(l) = -l**3 - 7*l**2 + 9*l + 2 + 0 - 1 + 4*l**3. Let z(c) = -13*c**3 + 28*c**2 - 37*c - 5. Let i(n) = -9*g(n) - 2*z(n). Give i(6).
-5
Let d(k) be the first derivative of k**4/4 + 4*k**3/3 - k**2 - 3*k + 5. Give d(-2).
9
Let i(g) be the second derivative of -g**4/4 - g**2 + 19*g. Give i(2).
-14
Let c(y) be the second derivative of -9/2*y**2 - 1/2*y**3 + 5*y + 0 - 1/2*y**4 - 1/20*y**5. Determine c(-6).
9
Let o(w) = -7*w - 23 - 16 - 18 + 54 - w**2. Calculate o(-4).
9
Let x(k) = k**2 + 4*k - 3. Let h be x(-5). Suppose -t - 4*q = 2*t - 16, -q = 3*t - 4. Let a(i) = 2*i**3 + 2 + 0*i + t*i**2 - 3*i - i**2. Calculate a(h).
8
Let g(k) = -1 - k - 3 - 6. Suppose 0 = 5*u - 9*u + 216. Let j be 12/30 + u/(-10). Give g(j).
-5
Let s(a) = 2*a**2 - 2*a - 3. Let v(k) = -k**3 - 2 - 5 + 0 + 9*k - 9*k**2. Let z = -7 + -3. Let n be v(z). Give s(n).
9
Let a(u) = 0 + 7 + u + 0 - 8. Give a(-4).
-5
Let y(h) = h**2 - 13*h + 5. Let r be y(12). Let p(j) = j**2 + 7*j - 1. Give p(r).
-1
Let t(i) be the third derivative of 0*i + 2/3*i**3 - 1/12*i**4 + 0 - 3*i**2. Suppose -3*s - 9 = -5*r, 5*r + 3*s - 1 = 20. Give t(r).
-2
Let y(g) be the second derivative of -g**5/10 + g**4/6 + g**3/2 - g**2 + g. Let t(m) = m**3 + 15*m**2 - m - 13. Let q be t(-15). Give y(q).
-4
Let r(z) = -4*z**3 + 25*z**2 - z - 3. Let y(h) = h**3 - 8*h**2 + 1. Let v(m) = -2*r(m) - 7*y(m). Calculate v(-4).
23
Suppose 8*o + 26 = 3*o + 2*a, a = 4*o + 19. Let s be (-7 + 1)*2/(-3). Let y(z) = -4 + 0 + s*z + z**2 - 2*z. Give y(o).
4
Let q(k) = 2*k**2 - 8 - 2*k + 7 - 5*k**2. What is q(-2)?
-9
Let y(s) = 2*s**2 - s - 5. Let i(b) = -b**2 + 2. Let o be (-24)/(-4 + 0) - -1. Let x(d) = o*i(d) + 3*y(d). Let r be (-3)/((-15)/2)*-5. Give x(r).
1
Let v = -24 + 29. Let l(z) = z**3 - 4*z**2 - 5*z. Give l(v).
0
Let a(l) be the third derivative of l**6/120 - 2*l**5/15 + 7*l**4/24 + l**2. Let q be a(7). Let c(t) = t**3 + t**2 - t + 5. Give c(q).
5
Suppose m + 5*q = -4*m - 5, 2*q + 22 = 3*m. Suppose -m*p + 5 = 13. Let f(k) = -3*k - 3. Determine f(p).
3
Let w(z) = z + 0*z + z**2 - 2*z**2. Suppose 0*v = -v. What is w(v)?
0
Let q(k) = -k**3 - 4*k**2 - 3. Let o be 1/7 - 87/21. Determine q(o).
-3
Let p(c) = 7*c + 0*c**2 + 16*c + c**2 + 7 - 18*c. Calculate p(-5).
7
Suppose 0 = 2*k - 7 + 3. Let a be -1 - (1 + k - 4). Suppose -7*w + 3*w = a. Let q(y) = -y**3 + y - 8. What is q(w)?
-8
Let m be (-3 + 0)*(-7)/21. Suppose 0 = -2*z + 6*z. Let b(d) = z*d - 5*d + 2*d. Give b(m).
-3
Let b(x) = 5*x + 16. Suppose 0 = -3*u + 2*a - 5*a, -a + 10 = -4*u. Let c(p) = p + 4. Let s(z) = u*b(z) + 9*c(z).